*2 - 11*g + 6. What is t(10)?
-4
Let b(k) = -63*k + 509. Calculate b(8).
5
Let h(u) = -u**2 + 10*u - 4. Give h(9).
5
Let j(h) = h**2 + 23*h + 17. Determine j(-15).
-103
Let h(w) = w**2 + 7*w + 1. What is h(-10)?
31
Let h(k) = -21*k. Determine h(1).
-21
Let l(w) = -2*w + 13. What is l(11)?
-9
Let m(k) = -k**3 + 3*k**2 + 3*k - 4. What is m(2)?
6
Let p(j) = j**3 + j**2 - 3*j + 1. Give p(2).
7
Let k(d) = 2*d**2 - 37*d - 127. Calculate k(-3).
2
Let g(d) = d**3 + 8*d**2 - 21*d - 14. Calculate g(-10).
-4
Let x(s) = -24*s**2 - 2*s - 1. What is x(-1)?
-23
Let q(f) = -34*f**2 - 1. Determine q(-1).
-35
Let q(w) = -9*w - 2. Calculate q(-2).
16
Let r(l) = 24*l + 7. Calculate r(-2).
-41
Let z(g) = 2*g**3 - 7*g**2 + g + 4. Calculate z(3).
-2
Let x(s) = 2*s**3 - 3*s**2 - 6*s - 3. Determine x(3).
6
Let u(b) = b**3 - 7*b**2 - 45*b - 9. Give u(-4).
-5
Let z(t) = 5*t + 3. Give z(1).
8
Let v(r) = 3*r**2 - 3*r - 22. Give v(-3).
14
Let l(w) = -6*w + 2. Calculate l(2).
-10
Let c(w) = 27*w - 377. Calculate c(14).
1
Let y(k) = 95*k - 3. Calculate y(-1).
-98
Let f(q) = 3*q + 15. What is f(-5)?
0
Let f(u) = -10*u + 75. What is f(12)?
-45
Let u(k) = 15*k. What is u(2)?
30
Let u(w) = -3*w + 23. Calculate u(8).
-1
Let t(v) = 2*v + 13. What is t(-14)?
-15
Let o(s) = s**3 + 27*s**2 + 26*s + 8. Calculate o(-26).
8
Let k(g) = -g**3 + 4*g**2 + 4*g + 5. Calculate k(4).
21
Let n(m) = 26*m + 164. Determine n(-6).
8
Let n(h) = 2*h**3 + 2*h**2 - h - 4. Determine n(-3).
-37
Let d(l) = -l**2 + 7*l - 4. What is d(7)?
-4
Let k(t) = -2*t**2 + 14*t - 27. Calculate k(4).
-3
Let z(y) = 3*y - 29. Calculate z(-7).
-50
Let p(t) = -2*t**3 + 13*t**2 + 3*t - 10. Calculate p(7).
-38
Let r(t) = 2*t**2 + 5*t - 24. Determine r(3).
9
Let v(h) = h**3 + 8*h**2 + 13*h. Give v(-6).
-6
Let c(y) = 2*y**2 + 5*y. Calculate c(-4).
12
Let t(d) = d**3 - 7*d**2 - 2*d - 8. Determine t(7).
-22
Let o(w) = 4*w**2 + 138*w - 77. What is o(-35)?
-7
Let f(b) = 9*b - 10. Give f(7).
53
Let k(g) = -2*g**2 + 58*g + 53. Calculate k(30).
-7
Let p(n) = -n**3 + 9*n**2 + 6*n - 25. What is p(9)?
29
Let n(p) = 7*p - 7. What is n(18)?
119
Let x(f) = 7*f + 3. What is x(11)?
80
Let t(x) = -3*x - 2. Give t(0).
-2
Let m(s) = s + 7. Give m(5).
12
Let n(t) = -20*t**3 + t. Determine n(-1).
19
Let u(w) = 55*w + 125. What is u(-2)?
15
Let u(a) = a**2 - 30*a + 25. Determine u(29).
-4
Let t(l) = -2*l - 5. Calculate t(5).
-15
Let q(c) = 45*c - 9. What is q(-2)?
-99
Let i(j) = 4*j**2 + 9*j - 8. What is i(1)?
5
Let v(f) = -f**2 + 5*f + 16. Give v(7).
2
Let m(h) = 7*h**2 - 46*h + 7. Give m(6).
-17
Let b(o) = 8*o - 5. Give b(-3).
-29
Let n(h) = -5*h**2 + 7*h - 6. What is n(1)?
-4
Let m(o) = -2*o**2 + 13*o - 10. Determine m(8).
-34
Let i(j) = -j + 25. What is i(11)?
14
Let o(q) = -q - 4. Calculate o(-8).
4
Let m(y) = -y**3 + 9*y**2 - 10*y + 8. Determine m(7).
36
Let r(f) = -2*f**2 - 32*f - 78. Give r(-13).
0
Let m(g) = -g**2 + 16*g - 28. Calculate m(5).
27
Let g(t) = 2*t**2 - 14*t - 9. Give g(7).
-9
Let c(p) = -p**2 + 28. Determine c(-4).
12
Let w(h) = h**2 + 7*h + 4. Calculate w(-8).
12
Let h(g) = g**3 - 12*g**2 + 10*g + 8. Determine h(11).
-3
Let l(i) = i**2 - i + 1. Calculate l(2).
3
Let k(d) = -2*d - 3. Give k(-6).
9
Let o(i) = -26*i**2 + 1. What is o(-1)?
-25
Let w(o) = -o**2 + 6*o - 6. Calculate w(4).
2
Let k(q) = -q**3 + 13*q**2 + 13*q + 7. Determine k(14).
-7
Let m(d) = -3*d**3 + d**2. Give m(2).
-20
Let v(m) = -2*m**3 + 8*m**2 - 4*m - 3. Determine v(5).
-73
Let n(p) = -17*p + 177. What is n(10)?
7
Let j(b) = 2*b**3 - b**2. What is j(1)?
1
Let k(p) = 2*p**3 - 4*p**2 + 2*p. What is k(1)?
0
Let x(q) = -q**3 + q**2 + 2*q + 6. Determine x(-2).
14
Let r(c) = -c**3 + 5*c - 9. Calculate r(2).
-7
Let y(u) = u + 6. Determine y(-9).
-3
Let u(j) = -j**3 - 15*j**2 - 11*j + 2. What is u(-14)?
-40
Let q(t) = t**3 - 12*t**2 - 10. Calculate q(12).
-10
Let i(c) = c + 6. Give i(21).
27
Let y(h) = -6*h + 1. What is y(-5)?
31
Let b(v) = -v**2 - 9*v - 9. Determine b(-5).
11
Let u(g) = -2*g**2 + 11*g - 2. Determine u(8).
-42
Let q(c) = 5*c - 7. Calculate q(3).
8
Let g(j) = -j**3 + 13*j**2 - 14*j + 3. What is g(12)?
-21
Let f(n) = -n**3 - 5*n**2 - 8*n + 6. Give f(-6).
90
Let b(t) = 4*t**2 + 20*t - 2. What is b(-5)?
-2
Let i(n) = -25*n + 5. Calculate i(-3).
80
Let y(r) = -50*r**3 - 2*r**2 + 1. Determine y(1).
-51
Let m(p) = -7*p + 15. Give m(-4).
43
Let j(c) = 9*c. Calculate j(-6).
-54
Let p(y) = -y**3 + 2*y**2 + 1. What is p(3)?
-8
Let a(i) = 15*i**3 - i**2 + i + 1. Give a(1).
16
Let v(u) = -37*u + 330. Calculate v(9).
-3
Let v(a) = a**2 - 10*a - 2. Give v(9).
-11
Let n(p) = p**3 - 19*p**2 + 13*p + 81. Determine n(18).
-9
Let k(a) = a**2 + 6*a - 12. Calculate k(-7).
-5
Let k(g) = -g**2 - 2*g + 6. Give k(0).
6
Let d(q) = q**3 + 18*q**2 + 44*q + 1. What is d(-15)?
16
Let p(o) = o**2 - 8*o + 4. Determine p(8).
4
Let y(r) = -21*r - 121. What is y(-6)?
5
Let y(o) = o**2 - o + 6. Calculate y(2).
8
Let p(m) = -17*m + 42. Calculate p(6).
-60
Let c(v) = v**2 - 11*v + 13. Determine c(5).
-17
Let c(f) = 14*f**2 - f + 1. Give c(1).
14
Let f(g) = -33*g + 9. What is f(-1)?
42
Let c(f) = -2*f**2 + 5*f + 16. Calculate c(5).
-9
Let b(a) = 3*a + 11. Determine b(-8).
-13
Let u(w) = -74*w**3 + w**2 - 1. Determine u(1).
-74
Let c(j) = 3*j - 27. Calculate c(8).
-3
Let r(b) = b**3 + 18*b**2 + 15*b - 32. Give r(-17).
2
Let w(m) = 56*m - 448. Determine w(8).
0
Let u(n) = -6*n + 55. What is u(9)?
1
Let w(r) = r**2 - 6*r - 6. Give w(-2).
10
Let m(a) = -37*a - 273. What is m(-7)?
-14
Let p(y) = y**3 - 5*y**2 - 19*y + 6. Determine p(9).
159
Let y(b) = -14*b**2 + 3*b - 2. What is y(1)?
-13
Let x(b) = -12*b - 1. Give x(1).
-13
Let x(v) = v**3 - 25*v**2 - 29*v - 22. What is x(26)?
-100
Let n(l) = l**2 - 9*l - 7. Calculate n(10).
3
Let i(d) = 2*d**2 - 35*d + 23. Determine i(16).
-25
Let w(m) = m**3 - 3*m**2 - m - 1. Determine w(3).
-4
Let p(j) = 19*j**2 + 3*j + 2. Give p(-1).
18
Let o(r) = 2*r**3 - 2*r**2 - 3*r + 7. Calculate o(3).
34
Let t(k) = 3*k + 6. What is t(2)?
12
Let c(t) = 4*t - 5. What is c(4)?
11
Let x(s) = 7*s**2 - 8*s - 7. Give x(-1).
8
Let o(z) = 28*z - 34. Determine o(1).
-6
Let w(d) = -6*d + 14. Determine w(5).
-16
Let b(f) = -7*f + 2. Calculate b(-5).
37
Let i(j) = -j**3 + 4*j**2 + 2*j + 3. Give i(4).
11
Let y(j) = 9*j - 68. Give y(7).
-5
Let z(q) = 5*q**2 + 13*q - 7. Determine z(-5).
53
Let s(q) = -2*q**3 + 54*q**2 + 51*q + 137. Determine s(28).
-3
Let f(k) = 2*k + 37. Give f(-10).
17
Let r(n) = 9*n - 3. Give r(2).
15
Let i(d) = 83*d - 5. Determine i(0).
-5
Let y(u) = -26*u - 5. Calculate y(-1).
21
Let j(g) = -g**2 + 19*g - 35. Calculate j(15).
25
Let a(x) = -10*x - 48. Determine a(-4).
-8
Let m(b) = 2*b + 29. Give m(-7).
15
Let s(n) = -5*n + 31. What is s(6)?
1
Let x(p) = -3*p + 8. Give x(-11).
41
Let j(s) = 3*s - 27. Calculate j(11).
6
Let n(s) = s**3 - 8*s**2 - 12*s - 12. What is n(9)?
-39
Let a(y) = -13*y + 12. Calculate a(2).
-14
Let f(o) = -o**3 - 10*o**2 + 25*o. Determine f(-12).
-12
Let s(y) = 2*y**3 - 6*y**2 + 17*y - 30. Determine s(3).
21
Let w(u) = u**2 - 12*u - 39. Give w(-7).
94
Let n(o) = -o**2 + 18*o. Give n(18).
0
Let m(p) = 4*p - 54. What is m(9)?
-18
Let f(i) = i + 3. What is f(-2)?
1
Let z(a) = a**3 + 3*a**2 - 3*a + 9. What is z(-4)?
5
Let i(j) = 2*j - 16. What is i(10)?
4
Let q(t) = 126*t - 105. What is q(1)?
21
Let n(u) = -u**3 + 13*u**2 + 13*u + 18. Calculate n(14).
4
Let s(l) = -l**2 + 8*l + 8. Calculate s(10).
-12
Let a(b) = 16*b - 88. Give a(5).
-8
Let u(j) = -28*j + 527. Give u(19).
-5
Let h(z) = -6*z + 1. Calculate h(2).
-11
Let y(o) = -o**2 + 15*o - 20. Determine y(14).
-6
Let o(c) = -c**2 - 70*c + 220. Give o(-73).
1
Let c(q) = -q**3 - 13*q**2 - 13*q - 9. Determine c(-12).
3
Let w(x) = 2*x + 13. Calculate w(5).
23
Let z(c) = -2*c**2 + 6*c + 24. What is z(8)?
-56
Let y(x) = x**2 - 11*x - 4. Determine y(11).
-4
Let v(h) = -h**2 - 15*h - 15. What is v(-11)?
29
Let c(p) = -p**3 + 33*p**2 - 32*p - 34. What is c(32)?
-34
Let z(g) = g**2 - g - 2. Give z(3).
4
Let k(s) = 3*s**3 - 51*s**2 + 5. Determine k(17).
5
Let p(c) = 8*c + 24. Determine p(5).
64
Let a(c) = 2*c**3 - 2*c**2 - 7*c + 5. Calculate a(3).
20
Let t(g) = g**3 - 13*g**2 + 2*g - 19. Give t(13).
7
Let b(m) = -13*m**2 - 2*m + 1. Calculate b(-1).
-10
Let h(d) = -d**3 + 11*d**2 - 5*d + 70. Determi